). What is the highest common divisor of 225 and q?
25
Let g = -6698 - -11466. Let q be g/88 + (-2)/11. Calculate the greatest common divisor of q and 135.
27
Let y be 4/(-6)*(-3)/(-2). Let k be (-1)/(y - 196/(-198)). What is the highest common divisor of 11 and k?
11
Let b(p) = 2*p - 6. Let v be b(4). Suppose -4*j - 5*r = -16 - 49, v*j - 4*r - 26 = 0. Calculate the highest common divisor of j and 60.
15
Suppose -3*i + 1 - 10 = 0, 0 = 4*z + i - 9. Suppose z*o = 29 + 7. Let c = 4 + 0. What is the greatest common divisor of o and c?
4
Suppose -16 = -h - 2*j - 0, -6 = 3*j. Calculate the greatest common factor of h and 100.
20
Let f be 90*(3 + 20/(-12)). Calculate the greatest common divisor of f and 48.
24
Suppose -4 = -3*p + 17. Let j = p - -10. Suppose 3*i - 594 + 135 = 0. Calculate the greatest common factor of j and i.
17
Let p be (-5)/10 + (-302)/(-4). Calculate the highest common factor of 15 and p.
15
Suppose 3 = k + 4*m, 6*m - m + 5 = 0. Let v be 36/4*(-4)/6. Let r = v - -13. Calculate the highest common divisor of r and k.
7
Suppose -j - 22 = -h - 217, j = -h + 205. Calculate the highest common factor of 25 and j.
25
Suppose t - 110 = -4*t. Let n = -8 - -3. Let c(r) = -r**3 - 4*r**2 + 3*r + 1. Let m be c(n). Calculate the greatest common divisor of m and t.
11
Let w = 49 + -21. What is the greatest common divisor of w and 7?
7
Let p = 65 + -37. Calculate the highest common divisor of 4 and p.
4
Suppose w = 5*c + 3*w - 47, 59 = 5*c - w. Calculate the highest common factor of 77 and c.
11
Let t(n) = n**2 + 3*n**2 + n**2 + 6*n - 6*n**2 + 2. Let h be t(6). Calculate the greatest common divisor of 8 and h.
2
Let o = 68 - 43. What is the highest common divisor of 225 and o?
25
Suppose -2*u = 3*u + 4*r - 116, 0 = -5*u + 4*r + 124. Calculate the greatest common factor of u and 8.
8
Let l be (1 + 51/(-6))*2/(-5). Suppose 115 = -5*f - 50. Let t be f/(-12) - (-1)/4. Calculate the highest common factor of l and t.
3
Let r = -4 + 3. Let d(y) = -5*y + 1. Let i be d(r). Let h be (21/i)/(2/4). Calculate the greatest common divisor of 28 and h.
7
Let k be (10/(-2))/(-1 - 0). Let w(h) = h**2 + 6*h - 17. Let a be w(-9). Calculate the highest common factor of a and k.
5
Let z = 10 + -6. Let m = -11 - -15. What is the greatest common factor of z and m?
4
Let b(s) = 8*s**2 - s. Let i be b(-1). What is the greatest common factor of i and 45?
9
Let y(v) = -v + 3. Let a(d) = -4*d + 9. Let w(t) = -2*a(t) + 7*y(t). Let c be w(3). What is the greatest common divisor of c and 18?
6
Let t = 6 - 4. Let b = -12 + 13. Calculate the highest common divisor of t and b.
1
Let m be (-30)/20 + (-39)/(-2). What is the greatest common divisor of 27 and m?
9
Let i(l) = l**3 - 3*l**2 + 2*l - 3. Let t be i(3). Suppose -7 + 1 = -3*h. Suppose t = z + h. Calculate the highest common factor of z and 9.
1
Suppose 2*q + 32 = 2*s, -3*s - 11 = -5*q - 51. Calculate the greatest common factor of s and 30.
10
Let w = -6 - -42. Calculate the highest common divisor of w and 60.
12
Let n(w) = w**3 + 7*w**2 + 7*w + 6. Let x be n(-6). Suppose -6*s + s + 80 = x. Calculate the highest common factor of 16 and s.
16
Let j be ((-9)/(-12))/((-3)/(-12)). Suppose 4*p - j = -a, 0 = 4*a + p + 3*p. Let r = 0 - a. Calculate the greatest common divisor of r and 3.
1
Let h be 16/72 - (-32)/18. Let i(r) = 2*r - 3. Let a be i(h). What is the greatest common factor of a and 1?
1
Let f = 90 + -83. What is the greatest common factor of f and 14?
7
Suppose 156 - 36 = 3*k. Calculate the highest common divisor of k and 48.
8
Let d(r) = r**3 - 4*r**2 + 11*r - 4. Let w be d(7). Suppose j + 3*j - w = 4*v, -5*j + v + 275 = 0. What is the highest common divisor of j and 5?
5
Suppose 5*q + 10 - 460 = 0. Suppose r = -15 + q. What is the highest common factor of r and 15?
15
Let x(b) = -b + 7. Let f be x(-4). What is the greatest common factor of f and 11?
11
Let a(o) = -o**3 + 9*o**2 - 11*o + 9. Let c be a(7). Let b(n) = -n**2 + 7*n - 6. Let r be b(3). What is the highest common divisor of r and c?
6
Suppose 0*n = 4*n - 16. Let u be n*(-4)/(-16) - -4. What is the highest common factor of u and 15?
5
Suppose -5*c + 105 = -2*a, -a = -5*c - 5*a + 135. Calculate the greatest common factor of c and 69.
23
Let u(k) = k**3 - 7*k**2 + 7*k + 7. Let g be u(7). What is the greatest common divisor of g and 8?
8
Suppose -4*p + 49 = 9. Let k(w) = -w**2 + 2. Let a be k(2). Let h = 4 + a. Calculate the greatest common divisor of h and p.
2
Suppose 3*m + 2*m + 80 = 5*d, 2*d + 3*m = 12. Calculate the greatest common divisor of 90 and d.
6
Let w be 6/(-3) + 3 - -20. What is the greatest common factor of w and 3?
3
Let g(b) = -b**2 - 16*b - 17. Let z be g(-14). Calculate the greatest common factor of z and 44.
11
Let a(o) = 7*o - 40. Let z be a(6). Let j be (-1)/(-2) - (-2)/(-4). Suppose b + 0*b - 22 = j. What is the greatest common divisor of b and z?
2
Let p be (11/2)/((-12)/(-24)). Let y = 22 + 0. What is the greatest common divisor of y and p?
11
Let f = 14 + -7. Let r(m) = 2*m - 7. Let g be r(7). Calculate the greatest common divisor of g and f.
7
Suppose -9 = 3*y, -4*o - o - 5*y + 5 = 0. Suppose 2*n = o*n - 4. Suppose 3*h - 11 = n*t, -3*t = 2*t + 5. What is the highest common divisor of h and 3?
3
Let d be 5*(3 + (-11)/5). Suppose -d*l = -0*l - 396. Let q be 1 + (7 - (-1 - 0)). Calculate the highest common factor of l and q.
9
Let t(g) = -6*g + 1. Let j be t(3). Let h = 32 + j. Calculate the highest common divisor of 75 and h.
15
Let c(p) = -2*p. Let z be c(-1). Let j be -111*(z + 15/(-9)). Let i = j - -57. What is the greatest common factor of i and 20?
20
Suppose 3*d - 2*d = 1. Suppose 0 = -0*x - 3*x + 6. What is the highest common factor of d and x?
1
Suppose 124 = 13*p - 97. Calculate the greatest common divisor of p and 17.
17
Suppose -6*i + 4*i + 12 = 0. Let g(v) = -v**2 - 6*v - 2. Let w be g(-4). What is the greatest common divisor of i and w?
6
Suppose 123 + 33 = 3*s. Suppose 2*t = 8 + 2. Suppose -2*c + 36 = t*r, -3*r + 39 = -5*c + 98. Calculate the highest common divisor of c and s.
13
Let v(n) = n - 5. Let o be v(5). Suppose o = -y - 2 + 6. Let f = y + 9. Calculate the highest common divisor of 39 and f.
13
Let n be (-1*38)/(-1 - 1). Let w = 34 - n. Calculate the highest common factor of w and 120.
15
Let k be (1 - 11) + (-26)/(-13). Let c = -2 - k. What is the greatest common divisor of 4 and c?
2
Let z = -270 + 630. What is the greatest common divisor of z and 40?
40
Let k be (-2)/(-4) + ((-804)/(-8) - -5). What is the highest common divisor of k and 53?
53
Let a(n) = 3*n + 0*n - 14 + 6. Let b be a(6). What is the highest common divisor of 40 and b?
10
Let a(u) = 60*u - 30. Let i(t) = 6*t - 3. Let c(g) = -2*a(g) + 21*i(g). Let q be c(7). What is the greatest common divisor of 13 and q?
13
Let q = 12 + -20. Let p(n) = -n**2 - 10*n - 11. Let b be p(q). What is the greatest common factor of b and 25?
5
Let r(f) = -f**2 + 8*f + 48. Let i be r(0). Suppose v = 2*v. Let j = 12 + v. Calculate the greatest common divisor of j and i.
12
Suppose -132 = -3*i + i. What is the highest common divisor of i and 6?
6
Suppose -a = 3*g - 4*a - 9, -g + 15 = 3*a. Suppose -v = 3*v + 3*f - 18, -2*v + 14 = 4*f. What is the highest common factor of v and g?
3
Let g(y) = 2*y**2 + 5. Let s be g(6). Let n = 13 + -2. What is the greatest common divisor of s and n?
11
Suppose 4*w - 9*w = -10, 5*q = -2*w + 19. Suppose q*n = 4*z + 1, 2*n - n = 4*z - 13. Calculate the greatest common divisor of 14 and n.
7
Let u(i) = -i**3 + 17*i**2 + 6*i + 3. Let j be u(17). What is the greatest common divisor of j and 15?
15
Suppose -1 = q + a - 8, a - 55 = -5*q. Let f(w) = -w + 9. Let r be f(4). Suppose r*o - 8 = q. Calculate the greatest common divisor of o and 4.
4
Suppose 2*b + 12 = -2*b. Let z be b/(-15) + (-218)/(-10). Suppose -11 - 11 = -a. Calculate the highest common divisor of a and z.
22
Let m(s) = -s**2 - 14*s + 8. Let c be m(-13). Calculate the highest common divisor of 7 and c.
7
Let l = -9 + 21. Calculate the highest common divisor of 96 and l.
12
Let d = 54 - 32. Let f(k) = -4*k - 1. Let q = 3 - 6. Let h be f(q). Calculate the highest common factor of h and d.
11
Let i(u) = -u**2 + 3. Suppose 0 = 3*r - 5*r. Let a be i(r). What is the greatest common divi